 548 is divided by 19.
16
Calculate the remainder when 1566 is divided by 98.
96
What is the remainder when 101 is divided by 34?
33
What is the remainder when 789 is divided by 225?
114
Calculate the remainder when 186 is divided by 51.
33
What is the remainder when 1537 is divided by 22?
19
What is the remainder when 1120 is divided by 25?
20
Calculate the remainder when 68 is divided by 6.
2
Calculate the remainder when 3561 is divided by 162.
159
What is the remainder when 490 is divided by 460?
30
What is the remainder when 1222 is divided by 36?
34
What is the remainder when 1334 is divided by 5?
4
Calculate the remainder when 2059 is divided by 20.
19
Calculate the remainder when 18 is divided by 15.
3
Calculate the remainder when 551 is divided by 83.
53
What is the remainder when 672 is divided by 665?
7
What is the remainder when 216 is divided by 48?
24
What is the remainder when 281 is divided by 251?
30
Calculate the remainder when 589 is divided by 83.
8
Calculate the remainder when 736 is divided by 145.
11
Calculate the remainder when 147 is divided by 30.
27
Calculate the remainder when 832 is divided by 93.
88
Calculate the remainder when 52 is divided by 9.
7
Calculate the remainder when 396 is divided by 34.
22
Calculate the remainder when 374 is divided by 55.
44
What is the remainder when 631 is divided by 79?
78
What is the remainder when 957 is divided by 12?
9
What is the remainder when 412 is divided by 59?
58
What is the remainder when 422 is divided by 43?
35
What is the remainder when 421 is divided by 27?
16
Calculate the remainder when 860 is divided by 123.
122
Calculate the remainder when 760 is divided by 111.
94
What is the remainder when 666 is divided by 31?
15
What is the remainder when 833 is divided by 38?
35
What is the remainder when 365 is divided by 96?
77
What is the remainder when 925 is divided by 29?
26
Calculate the remainder when 69 is divided by 22.
3
Calculate the remainder when 537 is divided by 90.
87
Calculate the remainder when 71 is divided by 60.
11
What is the remainder when 2499 is divided by 50?
49
Calculate the remainder when 2550 is divided by 88.
86
What is the remainder when 982 is divided by 24?
22
Calculate the remainder when 5677 is divided by 810.
7
Calculate the remainder when 532 is divided by 23.
3
Calculate the remainder when 339 is divided by 159.
21
Calculate the remainder when 557 is divided by 119.
81
Calculate the remainder when 8 is divided by 6.
2
Calculate the remainder when 224 is divided by 42.
14
What is the remainder when 544 is divided by 14?
12
What is the remainder when 3950 is divided by 65?
50
What is the remainder when 2644 is divided by 115?
114
Calculate the remainder when 947 is divided by 119.
114
What is the remainder when 716 is divided by 70?
16
What is the remainder when 1409 is divided by 6?
5
Calculate the remainder when 1555 is divided by 15.
10
What is the remainder when 256 is divided by 52?
48
Calculate the remainder when 1679 is divided by 94.
81
What is the remainder when 366 is divided by 16?
14
Calculate the remainder when 2130 is divided by 12.
6
Calculate the remainder when 468 is divided by 169.
130
Calculate the remainder when 2365 is divided by 755.
100
What is the remainder when 2937 is divided by 40?
17
What is the remainder when 1774 is divided by 11?
3
What is the remainder when 130 is divided by 1?
0
What is the remainder when 6381 is divided by 13?
11
Calculate the remainder when 304 is divided by 13.
5
What is the remainder when 51 is divided by 21?
9
Calculate the remainder when 173 is divided by 9.
2
Calculate the remainder when 3128 is divided by 9.
5
What is the remainder when 2018 is divided by 113?
97
Calculate the remainder when 1930 is divided by 15.
10
What is the remainder when 116 is divided by 17?
14
What is the remainder when 1939 is divided by 162?
157
What is the remainder when 2404 is divided by 51?
7
What is the remainder when 2414 is divided by 161?
160
What is the remainder when 4646 is divided by 166?
164
Calculate the remainder when 231 is divided by 80.
71
What is the remainder when 1851 is divided by 17?
15
What is the remainder when 91 is divided by 4?
3
Calculate the remainder when 1772 is divided by 558.
98
What is the remainder when 2639 is divided by 120?
119
Calculate the remainder when 479 is divided by 37.
35
What is the remainder when 348 is divided by 89?
81
Calculate the remainder when 127 is divided by 125.
2
What is the remainder when 10006 is divided by 244?
2
What is the remainder when 224 is divided by 6?
2
What is the remainder when 240 is divided by 59?
4
Calculate the remainder when 1344 is divided by 34.
18
What is the remainder when 216 is divided by 76?
64
Calculate the remainder when 676 is divided by 334.
8
What is the remainder when 286 is divided by 51?
31
What is the remainder when 42519 is divided by 101?
99
What is the remainder when 84 is divided by 81?
3
What is the remainder when 365 is divided by 19?
4
Calculate the remainder when 416 is divided by 22.
20
What is the remainder when 43 is divided by 11?
10
What is the remainder when 164 is divided by 66?
32
What is the remainder when 470 is divided by 43?
40
What is the remainder when 533 is divided by 40?
13
What is the remainder when 1486 is divided by 105?
16
What is the remainder when 666 is divided by 67?
63
Calculate the remainder when 23851 is divided by 42.
37
What is the remainder when 96 is divided by 3?
0
Calculate the remainder when 1054 is divided by 24.
22
What is the remainder when 61 is divided by 14?
5
Calculate the remainder when 85 is divided by 54.
31
Calculate the remainder when 337 is divided by 72.
49
Calculate the remainder when 41 is divided by 23.
18
What is the remainder when 1203 is divided by 54?
15
Calculate the remainder when 315 is divided by 53.
50
Calculate the remainder when 12 is divided by 8.
4
What is the remainder when 177 is divided by 20?
17
Calculate the remainder when 1849 is divided by 205.
4
Calculate the remainder when 533 is divided by 499.
34
What is the remainder when 26 is divided by 7?
5
What is the remainder when 410 is divided by 38?
30
Calculate the remainder when 286 is divided by 14.
6
What is the remainder when 37 is divided by 28?
9
What is the remainder when 465 is divided by 4?
1
Calculate the remainder when 308 is divided by 118.
72
What is the remainder when 481 is divided by 466?
15
What is the remainder when 588 is divided by 172?
72
Calculate the remainder when 575 is divided by 85.
65
Calculate the remainder when 43 is divided by 11.
10
What is the remainder when 477 is divided by 124?
105
Calculate the remainder when 312 is divided by 156.
0
Calculate the remainder when 152 is divided by 22.
20
What is the remainder when 448 is divided by 20?
8
What is the remainder when 4197 is divided by 42?
39
What is the remainder when 2040 is divided by 28?
24
Calculate the remainder when 528 is divided by 170.
18
Calculate the remainder when 383 is divided by 56.
47
What is the remainder when 82 is divided by 37?
8
What is the remainder when 57 is divided by 26?
5
Calculate the remainder when 1202 is divided by 197.
20
Calculate the remainder when 329 is divided by 57.
44
Calculate the remainder when 427 is divided by 86.
83
Calculate the remainder when 527 is divided by 48.
47
Calculate the remainder when 1425 is divided by 130.
125
What is the remainder when 5342 is divided by 21?
8
Calculate the remainder when 42 is divided by 38.
4
What is the remainder when 209 is divided by 35?
34
Calculate the remainder when 13778 is divided by 4.
2
Calculate the remainder when 4167 is divided by 160.
7
What is the remainder when 171 is divided by 58?
55
What is the remainder when 223 is divided by 106?
11
Calculate the remainder when 192 is divided by 65.
62
Calculate the remainder when 734 is divided by 74.
68
What is the remainder when 119 is divided by 85?
34
What is the remainder when 2244 is divided by 13?
8
Calculate the remainder when 252 is divided by 15.
12
What is the remainder when 5698 is divided by 50?
48
Calculate the remainder when 3908 is divided by 187.
168
Calculate the remainder when 8858 is divided by 10.
8
Calculate the remainder when 565 is divided